2773. What is the tens digit of (-26)/(-3)*(d/8)/5?
8
Suppose 34*u - v = 37*u - 10523, 0 = 5*u - v - 17549. What is the hundreds digit of u?
5
Let q(u) = 7*u - 10. Let s be q(-8). Let i be 4/(-22) + (-1200)/s. Suppose i*k - 23*k = -850. What is the hundreds digit of k?
1
Let l(y) = -175*y - 19. Let s be l(-25). Suppose s = 8*b + b. What is the tens digit of b?
8
Suppose 5*n = -3*a + 62 + 24, 2*a - 68 = -4*n. What is the hundreds digit of 7435/10 - (-24)/n?
7
Suppose 121*a - 69456 = 105*a. What is the tens digit of a?
4
Let m = 194151 + -136366. What is the units digit of m?
5
Let q be 13/(-13) - (-3 - 1). Let p(o) = -9*o - 4 - q - 7*o. What is the tens digit of p(-6)?
8
Suppose 0 = 3*q - 67 - 317. Suppose -3*z + u - q = 0, 0 = 2*z - 3*u + u + 80. Let i = z - -50. What is the units digit of i?
6
Suppose -19*c + 14*c - 5*b + 20 = 0, 0 = -3*c + b + 16. Suppose -q = 2*p - 72, 2*p - c*p = -3*q + 243. What is the units digit of q?
8
Suppose -3*w + 35133 = 2*n, 7*n + 18*w - 122933 = 14*w. What is the ten thousands digit of n?
1
Let q(u) = -u**3 + 15*u**2 + u - 28. Let o be q(12). Suppose 5 - o = -y. What is the hundreds digit of y?
4
Suppose 2*p + 2105 - 2189 = 0. Suppose 290*z + p = 304*z. What is the units digit of z?
3
Suppose -12*i + 101 = 77. Suppose -2*n + 2618 = i*u, 3*u - 7*n = -6*n + 3911. What is the hundreds digit of u?
3
Let u be (26/(-39))/((-5)/30). Suppose t = -q + 961, q - 936 = -0*q + u*t. What is the hundreds digit of q?
9
Suppose -5*d + 212407 = -4*i, -11*d = -12*d + 3*i + 42466. What is the ten thousands digit of d?
4
Let t(r) = -3*r - 47. Let p be t(-20). What is the units digit of 2*37 - (p + -11)?
2
Suppose 171*w - 142*w - 233279 = 254675. What is the ten thousands digit of w?
1
Let l(u) = u**3 - 16*u**2 + 16*u + 21. Let g be l(15). Let h be 2/9 - (1 - 64/g). What is the tens digit of 1 + h + 231/3?
7
What is the hundreds digit of -302 + 23798 - 44/(-2)?
5
Suppose 9*h + 2*h = 22. Suppose -3*f = -t - 760, 3*f + h*f = t + 1270. Let m = -146 + f. What is the units digit of m?
9
Let j(z) = 4*z + 199. Let m be j(-49). Suppose -m*r + 530 = n - 301, 3*r = 15. What is the units digit of n?
6
Let l = 299 + -177. Let r = l + 174. What is the hundreds digit of r?
2
Suppose 4*d = 2*u - 26, u = -d - 0*u - 5. Let c(k) = -k + 1. Let n(o) = 11*o - 3. Let t(g) = -5*c(g) - n(g). What is the tens digit of t(d)?
3
Suppose 2*s + 5442 = s. Let k be s/(-18) - -5 - (-1)/(-3). Suppose -5*z - p + k + 19 = 0, 3*z - 198 = -3*p. What is the tens digit of z?
6
Suppose 0 = 4*x + 5*t - 14, -4*x + 2*x - 4 = -3*t. Let g be (x - 3)*(-1 + 0). Suppose 2*i + 2*d + 6 = -g*d, -5*i + d + 29 = 0. What is the units digit of i?
5
Let t(q) = 110*q**2 + 74*q - 427. What is the tens digit of t(9)?
4
Let p(y) = 4*y + 1. Let l be p(1). Suppose l*r - 12 = -s, -3*s - 4 = -4*s - r. Suppose -3*c + 228 = s*w, w = 6*w - 2*c - 551. What is the units digit of w?
1
Suppose -72*w + 3 = 3. Let b(s) = -54*s - 10. Let p be b(-8). Suppose w = 4*v - d - p, 4*v - 4*d + 412 = 8*v. What is the units digit of v?
5
Let a be -7 + 4 - 8*(-3)/3. Suppose 5*q - 1370 = -x, a*q - q - 4*x = 1072. What is the units digit of q?
3
Suppose 1169*j + 199888 = 1185*j. What is the tens digit of j?
9
Let v = 220 - 215. Suppose v*z + a - 2718 = 0, 0*a + 3*a = 3*z - 1620. What is the hundreds digit of z?
5
Let j(p) = 24*p**3 + p**2 + 22*p - 50. What is the hundreds digit of j(8)?
4
Suppose -6*v = -0*v - 54. Suppose 0 = 3*b - 0 - v. Suppose -b*n + 4*q + 350 = 0, 0*n + 85 = n + 5*q. What is the hundreds digit of n?
1
Let p be (40/15)/((-2)/(-408)). Suppose 0 = -4*i + 2*i + 2*b + 544, -2*i - b = -p. What is the hundreds digit of i?
2
Let s(w) = 110*w + 1476. What is the tens digit of s(30)?
7
Suppose 4*x = 16, 4*g + 4*x + 316 = 3*x. What is the hundreds digit of -3*10/(-6)*(-2848)/g?
1
Let j be 3/(-2)*(-32)/24. Suppose 0 = -2*g - 4*a + 1034, -2044 = j*g - 6*g - 2*a. What is the tens digit of g?
0
Let l = -10745 + 21495. What is the units digit of l?
0
Let w = -688 - -690. Suppose 382 = -w*m + 2568. What is the units digit of m?
3
Let u = -52 + 93. Suppose j = 5*x + u + 17, 4*j = 5*x + 157. Suppose 36*w - 522 = j*w. What is the units digit of w?
4
Let z(k) = 14*k**2 + 32*k - 88. What is the hundreds digit of z(19)?
5
Suppose -5*x - 2*x + 78250 = -2*x. What is the hundreds digit of x?
6
Let j = -10795 - -20624. What is the thousands digit of j?
9
What is the tens digit of 3*1 + 1658 + 77?
3
Let o = -53 - -130. Let y = o + 153. What is the hundreds digit of y?
2
Suppose 150*g - 441581 = 1224256 + 1093863. What is the hundreds digit of g?
3
What is the units digit of 5868 + 1 + 0 + 0/(-2)?
9
Let h be ((-5 + 0)/(-15))/((-4)/(-24)). Suppose -h*y = 2*y - 688. What is the hundreds digit of y?
1
Suppose -3*h + 7*n - 3*n = -6965, -4*n = -h + 2319. Suppose h = 2*k - 5*c, -4*k + 10*c - 8*c + 4670 = 0. What is the thousands digit of k?
1
Let z be (-10 - 8)*(-2)/3. What is the tens digit of 4/(-6)*(-21)/z*18?
2
Let k = 96 - 117. Let n = k + 30. What is the units digit of (42/49)/(n/84)?
8
Let z = 1035 - 218. What is the tens digit of z?
1
Let q = 14952 + -3300. What is the units digit of q?
2
Suppose 0 = 8*b - 16262 - 56882. What is the thousands digit of b?
9
Let b = -689 - -322. What is the tens digit of 48/(-40)*b + 4/(-10)?
4
Let s(m) = -m**2 + 8*m + 15. Let g be s(9). Let t be g*1*20/(-60). What is the tens digit of (-3367)/(-35) - t/(-10)?
9
Let k = -24 + 15. Let g = 0 + k. What is the units digit of (3/(g/228))/(4/(-4))?
6
Suppose -4*a = -5*a + 2150. Suppose 26*v - a = 21*v. Suppose -v = -9*f + 362. What is the units digit of f?
8
Let z be -3 + (3 - -2) + 297/3. Suppose -z*m + 2 = -100*m. Suppose 68 = m*x + 5*t - 108, 3*t = 0. What is the units digit of x?
8
Suppose -8*v + 6*v = 10. Let t(i) = 7*i**2 + 11*i + 38. What is the tens digit of t(v)?
5
Let p(n) = 28*n - 49 + 3*n**2 - 37 - 2*n. What is the units digit of p(12)?
8
Let i = 7159 + 356. What is the units digit of i?
5
Let c = -126 - -130. Suppose c*d + 348 = -4*l, 4*l - 174 = 6*l - d. What is the units digit of (l/(-2))/(2/4)?
7
Let z = -69538 + 99743. What is the ten thousands digit of z?
3
Suppose 0 = 2*d - 9 - 3. Let y(l) = 13*l**2 + 21*l + 15*l**2 - d - 3*l - 23*l**2. What is the units digit of y(-9)?
7
Let g be 14/4*(-2 - -4). Let v be ((-306)/(-27) - -3)/(1/3). What is the tens digit of v + (g - 4) + -4?
4
Let d(k) = 612*k**3 - 33*k**2 + 96*k + 3. What is the hundreds digit of d(3)?
5
Let n(x) = 2338*x**2 - 36*x - 69. What is the hundreds digit of n(-2)?
3
Suppose -5*z = 5*v - 140055, -140100 = -5*z + 8*v - 4*v. What is the thousands digit of z?
8
Let b(a) = -14*a - 32. Let s = 56 + -1. Let w = 50 - s. What is the units digit of b(w)?
8
Suppose 4*u + 4*c = -236, 6*u = u + 3*c - 327. Let x(v) = -117*v + 1141. Let f be x(8). Let d = f + u. What is the tens digit of d?
4
Let f(y) = -3*y**3 + 67*y**2 - 43*y - 3. What is the thousands digit of f(-11)?
2
Suppose -p - 2*p - 34*p = -615088. What is the hundreds digit of p?
6
Let q(p) = -689*p**3 + 3*p**2 - 2. Let y be q(1). What is the tens digit of y/(-16) - 0/(3/1)?
4
What is the units digit of -3 + 1791 - 12 - (1 + -2)?
7
Let n = 43568 + -18643. What is the ten thousands digit of n?
2
Suppose 2*y - 35 = 3*w, 10*y = 14*y - 2*w - 50. Let m(p) = 12*p - 6. What is the tens digit of m(y)?
1
Suppose -2*x - 3*d + 3775 + 3195 = 0, 2*d + 3485 = x. What is the tens digit of x?
8
Let g(c) = -8*c**2 - 19*c - 8. Let v = 41 + -46. Let p be g(v). Let i = p + 382. What is the hundreds digit of i?
2
Let t be -6 + -452 - 6 - 5. Let d = -243 - t. What is the hundreds digit of d?
2
Suppose -3996 = -4*h - 2*a, 2*h - 101*a = -96*a + 1962. What is the hundreds digit of h?
9
Let l be 837/1 + 6/60*20. Let x = -675 + l. What is the units digit of x?
4
Suppose -4*d = -4*n - 351868, 5*d = n + 47015 + 392808. What is the hundreds digit of d?
9
Suppose 411*z - 167728 = 389*z. What is the tens digit of z?
2
Let q(l) = 37 - 11 - 15 - 12*l - 10. Let r(c) = c**2 + 6*c + 4. Let g be r(-4). What is the units digit of q(g)?
9
Let g(v) = 9*v**2 + 132*v - 8223. What is the thousands digit of g(66)?
9
Let g be 1/((-33)/6) + 13422/11. Suppose -4*i - 3*h = -g - 813, -5*h = -3*i + 1561. What is the tens digit of i?
1
Let o be 1/(12/51)*4/1. Let t(w) = 2*